{"id":5591,"date":"2023-03-22T16:22:14","date_gmt":"2023-03-22T16:22:14","guid":{"rendered":"http:\/\/www.ulusiada.pt\/clima\/?page_id=5591"},"modified":"2023-03-22T16:23:07","modified_gmt":"2023-03-22T16:23:07","slug":"carnide","status":"publish","type":"page","link":"https:\/\/www.ulusiada.pt\/clima\/ius-proprium-leis-gerais\/d-duarte\/carnide\/","title":{"rendered":"Carnide"},"content":{"rendered":"\n<p>Ordena\u00e7\u00e3o do perd\u00e3o que el-rei concedeu aos que foram a T\u00e2nger e estiveram no palanque at\u00e9 ao recolhimento do infante D. Henrique.<\/p>\n","protected":false},"excerpt":{"rendered":"<p>Ordena\u00e7\u00e3o do perd\u00e3o que el-rei concedeu aos que foram a T\u00e2nger e estiveram no palanque at\u00e9 ao recolhimento do infante D. Henrique.<\/p>\n","protected":false},"author":5,"featured_media":0,"parent":116,"menu_order":44,"comment_status":"closed","ping_status":"closed","template":"lei-page.php","meta":[],"acf":[],"_links":{"self":[{"href":"https:\/\/www.ulusiada.pt\/clima\/wp-json\/wp\/v2\/pages\/5591"}],"collection":[{"href":"https:\/\/www.ulusiada.pt\/clima\/wp-json\/wp\/v2\/pages"}],"about":[{"href":"https:\/\/www.ulusiada.pt\/clima\/wp-json\/wp\/v2\/types\/page"}],"author":[{"embeddable":true,"href":"https:\/\/www.ulusiada.pt\/clima\/wp-json\/wp\/v2\/users\/5"}],"replies":[{"embeddable":true,"href":"https:\/\/www.ulusiada.pt\/clima\/wp-json\/wp\/v2\/comments?post=5591"}],"version-history":[{"count":2,"href":"https:\/\/www.ulusiada.pt\/clima\/wp-json\/wp\/v2\/pages\/5591\/revisions"}],"predecessor-version":[{"id":5593,"href":"https:\/\/www.ulusiada.pt\/clima\/wp-json\/wp\/v2\/pages\/5591\/revisions\/5593"}],"up":[{"embeddable":true,"href":"https:\/\/www.ulusiada.pt\/clima\/wp-json\/wp\/v2\/pages\/116"}],"wp:attachment":[{"href":"https:\/\/www.ulusiada.pt\/clima\/wp-json\/wp\/v2\/media?parent=5591"}],"curies":[{"name":"wp","href":"https:\/\/api.w.org\/{rel}","templated":true}]}}