{"id":574,"date":"2012-04-06T18:04:26","date_gmt":"2012-04-06T18:04:26","guid":{"rendered":"http:\/\/www.ulusiada.pt\/clima\/?page_id=574"},"modified":"2012-04-23T11:15:09","modified_gmt":"2012-04-23T11:15:09","slug":"acrescento-lei-das-jurisdicoes","status":"publish","type":"page","link":"https:\/\/www.ulusiada.pt\/clima\/ius-proprium-leis-gerais\/d-fernando\/acrescento-lei-das-jurisdicoes\/","title":{"rendered":"Acrescento lei das jurisdi\u00e7\u00f5es"},"content":{"rendered":"<p>Aditamento \u00e0 lei sobre a jurisdi\u00e7\u00e3o dos donat\u00e1rios (1375.Setembro.13), para que aos a\u00ed declarados isentos se acrescente o D. abade e mosteiro de Alcoba\u00e7a.<\/p>\n","protected":false},"excerpt":{"rendered":"<p>Aditamento \u00e0 lei sobre a jurisdi\u00e7\u00e3o dos donat\u00e1rios (1375.Setembro.13), para que aos a\u00ed declarados isentos se acrescente o D. abade e mosteiro de Alcoba\u00e7a.<\/p>\n","protected":false},"author":1,"featured_media":0,"parent":105,"menu_order":14,"comment_status":"closed","ping_status":"open","template":"lei-page.php","meta":[],"acf":[],"_links":{"self":[{"href":"https:\/\/www.ulusiada.pt\/clima\/wp-json\/wp\/v2\/pages\/574"}],"collection":[{"href":"https:\/\/www.ulusiada.pt\/clima\/wp-json\/wp\/v2\/pages"}],"about":[{"href":"https:\/\/www.ulusiada.pt\/clima\/wp-json\/wp\/v2\/types\/page"}],"author":[{"embeddable":true,"href":"https:\/\/www.ulusiada.pt\/clima\/wp-json\/wp\/v2\/users\/1"}],"replies":[{"embeddable":true,"href":"https:\/\/www.ulusiada.pt\/clima\/wp-json\/wp\/v2\/comments?post=574"}],"version-history":[{"count":8,"href":"https:\/\/www.ulusiada.pt\/clima\/wp-json\/wp\/v2\/pages\/574\/revisions"}],"predecessor-version":[{"id":576,"href":"https:\/\/www.ulusiada.pt\/clima\/wp-json\/wp\/v2\/pages\/574\/revisions\/576"}],"up":[{"embeddable":true,"href":"https:\/\/www.ulusiada.pt\/clima\/wp-json\/wp\/v2\/pages\/105"}],"wp:attachment":[{"href":"https:\/\/www.ulusiada.pt\/clima\/wp-json\/wp\/v2\/media?parent=574"}],"curies":[{"name":"wp","href":"https:\/\/api.w.org\/{rel}","templated":true}]}}