{"id":6201,"date":"2023-04-20T10:19:04","date_gmt":"2023-04-20T10:19:04","guid":{"rendered":"http:\/\/www.ulusiada.pt\/clima\/?page_id=6201"},"modified":"2023-04-20T10:19:50","modified_gmt":"2023-04-20T10:19:50","slug":"montemor-o-novo","status":"publish","type":"page","link":"https:\/\/www.ulusiada.pt\/clima\/ius-proprium-leis-gerais\/d-joao-ii\/montemor-o-novo\/","title":{"rendered":"Montemor-o-Novo"},"content":{"rendered":"\n<p>Ordena\u00e7\u00e3o que isenta por dez anos a d\u00edzima de toda a prata que vier de fora e se meter na moeda, facultando a exporta\u00e7\u00e3o de seis cruzados de ouro por cada marco de prata que se importar.<\/p>\n","protected":false},"excerpt":{"rendered":"<p>Ordena\u00e7\u00e3o que isenta por dez anos a d\u00edzima de toda a prata que vier de fora e se meter na moeda, facultando a exporta\u00e7\u00e3o de seis cruzados de ouro por cada marco de prata que se importar.<\/p>\n","protected":false},"author":5,"featured_media":0,"parent":128,"menu_order":7,"comment_status":"closed","ping_status":"closed","template":"lei-page.php","meta":[],"acf":[],"_links":{"self":[{"href":"https:\/\/www.ulusiada.pt\/clima\/wp-json\/wp\/v2\/pages\/6201"}],"collection":[{"href":"https:\/\/www.ulusiada.pt\/clima\/wp-json\/wp\/v2\/pages"}],"about":[{"href":"https:\/\/www.ulusiada.pt\/clima\/wp-json\/wp\/v2\/types\/page"}],"author":[{"embeddable":true,"href":"https:\/\/www.ulusiada.pt\/clima\/wp-json\/wp\/v2\/users\/5"}],"replies":[{"embeddable":true,"href":"https:\/\/www.ulusiada.pt\/clima\/wp-json\/wp\/v2\/comments?post=6201"}],"version-history":[{"count":2,"href":"https:\/\/www.ulusiada.pt\/clima\/wp-json\/wp\/v2\/pages\/6201\/revisions"}],"predecessor-version":[{"id":6203,"href":"https:\/\/www.ulusiada.pt\/clima\/wp-json\/wp\/v2\/pages\/6201\/revisions\/6203"}],"up":[{"embeddable":true,"href":"https:\/\/www.ulusiada.pt\/clima\/wp-json\/wp\/v2\/pages\/128"}],"wp:attachment":[{"href":"https:\/\/www.ulusiada.pt\/clima\/wp-json\/wp\/v2\/media?parent=6201"}],"curies":[{"name":"wp","href":"https:\/\/api.w.org\/{rel}","templated":true}]}}