{"id":952,"date":"2012-04-25T14:20:48","date_gmt":"2012-04-25T14:20:48","guid":{"rendered":"http:\/\/www.ulusiada.pt\/clima\/?page_id=952"},"modified":"2012-04-25T14:20:48","modified_gmt":"2012-04-25T14:20:48","slug":"lei-das-alfandegas","status":"publish","type":"page","link":"https:\/\/www.ulusiada.pt\/clima\/ius-proprium-leis-gerais\/d-pedro-i\/lei-das-alfandegas\/","title":{"rendered":"Lei das alf\u00e2ndegas"},"content":{"rendered":"<p>Lei que estabelece que os almoxarifes e escriv\u00e3es dizimem as mercadorias\u00a0\u00e0 porta fechada,\u00a0estando presentes, apenas, os oficiais da alf\u00e2ndega e os donos das mercadorias e n\u00e3o consintam a presen\u00e7a de quaisquer outros mercadores que queiram comprar. Em simult\u00e2neo, pro\u00edbe a aquisi\u00e7\u00e3o de mercadorias por parte dos ditos almoxarifes, escriv\u00e3es e outros oficiais.<\/p>\n","protected":false},"excerpt":{"rendered":"<p>Lei que estabelece que os almoxarifes e escriv\u00e3es dizimem as mercadorias\u00a0\u00e0 porta fechada,\u00a0estando presentes, apenas, os oficiais da alf\u00e2ndega e os donos das mercadorias e n\u00e3o consintam a presen\u00e7a de quaisquer outros mercadores que queiram comprar. Em simult\u00e2neo, pro\u00edbe a &hellip; <a href=\"https:\/\/www.ulusiada.pt\/clima\/ius-proprium-leis-gerais\/d-pedro-i\/lei-das-alfandegas\/\">Continuar a ler <span class=\"meta-nav\">&rarr;<\/span><\/a><\/p>\n","protected":false},"author":1,"featured_media":0,"parent":102,"menu_order":27,"comment_status":"closed","ping_status":"open","template":"lei-page.php","meta":[],"acf":[],"_links":{"self":[{"href":"https:\/\/www.ulusiada.pt\/clima\/wp-json\/wp\/v2\/pages\/952"}],"collection":[{"href":"https:\/\/www.ulusiada.pt\/clima\/wp-json\/wp\/v2\/pages"}],"about":[{"href":"https:\/\/www.ulusiada.pt\/clima\/wp-json\/wp\/v2\/types\/page"}],"author":[{"embeddable":true,"href":"https:\/\/www.ulusiada.pt\/clima\/wp-json\/wp\/v2\/users\/1"}],"replies":[{"embeddable":true,"href":"https:\/\/www.ulusiada.pt\/clima\/wp-json\/wp\/v2\/comments?post=952"}],"version-history":[{"count":2,"href":"https:\/\/www.ulusiada.pt\/clima\/wp-json\/wp\/v2\/pages\/952\/revisions"}],"predecessor-version":[{"id":954,"href":"https:\/\/www.ulusiada.pt\/clima\/wp-json\/wp\/v2\/pages\/952\/revisions\/954"}],"up":[{"embeddable":true,"href":"https:\/\/www.ulusiada.pt\/clima\/wp-json\/wp\/v2\/pages\/102"}],"wp:attachment":[{"href":"https:\/\/www.ulusiada.pt\/clima\/wp-json\/wp\/v2\/media?parent=952"}],"curies":[{"name":"wp","href":"https:\/\/api.w.org\/{rel}","templated":true}]}}